 Determine d(-5).
-14
Let k(a) = -a**3 - 9*a**2 + 9*a - 13. Determine k(-10).
-3
Let g(z) = -z**3 + 3*z**2 + 2*z - 12. What is g(3)?
-6
Let h(q) = -q**2 - 2*q - 9. Determine h(0).
-9
Let a(v) = -v**2 - 8*v + 48. What is a(-11)?
15
Let f(z) = -9*z - 3. What is f(1)?
-12
Let o(f) = 104*f - 323. What is o(3)?
-11
Let i(z) = z**3 - 7*z**2 + 8. Give i(7).
8
Let n(m) = -15*m. Calculate n(-1).
15
Let w(r) = r**2 - 9*r - 1. Calculate w(7).
-15
Let b(z) = z**2 + z - 12. What is b(-7)?
30
Let v(y) = -y**2 + 8*y + 11. Determine v(8).
11
Let o(r) = r**3 + 6*r**2 - 2*r + 14. What is o(-7)?
-21
Let r(m) = -10*m**2 - 188*m + 44. Give r(-19).
6
Let z(i) = -2*i**2 - 35*i + 10. Determine z(-17).
27
Let q(h) = h**2 + 6*h + 14. Give q(-6).
14
Let p(u) = -u**3 + 6*u**2 - 15*u + 33. Calculate p(4).
5
Let o(r) = 2*r**2 - 16*r - 6. What is o(9)?
12
Let a(s) = -s**3 + 8*s**2 - 8*s - 6. Give a(7).
-13
Let r(t) = 2*t - 1. Determine r(3).
5
Let g(k) = k**3 + 19*k**2 + 12*k - 108. What is g(-18)?
0
Let c(v) = -v**2 + 12*v - 9. Determine c(11).
2
Let z(c) = -c**2 + 13*c + 13. What is z(13)?
13
Let b(u) = -20*u + 588. Give b(29).
8
Let a(b) = -40*b**2 + 402*b - 13. Determine a(10).
7
Let k(q) = 7*q**3 - q**2 + q. Calculate k(1).
7
Let m(z) = -7*z + 8. Give m(0).
8
Let x(i) = -14*i - 9. Calculate x(-2).
19
Let n(s) = s**3 - 5*s**2 + 3*s - 16. Give n(7).
103
Let c(n) = -n**2 + 5*n - 4. What is c(4)?
0
Let m(h) = -77*h + 215. Give m(3).
-16
Let s(o) = o**3 + 5*o**2 - 9*o - 5. What is s(-6)?
13
Let d(b) = -b**2 + 9*b + 3. Calculate d(7).
17
Let v(t) = -t**2 + 24*t - 75. Calculate v(20).
5
Let w(a) = a**2 + 17*a + 10. Calculate w(-17).
10
Let m(b) = 2*b**2 + 23*b - 18. Calculate m(-12).
-6
Let f(s) = s**3 - 27*s**2 + 75*s - 69. Calculate f(24).
3
Let u(l) = -4*l + 9. Determine u(-6).
33
Let r(b) = 2*b**3 + 42*b**2 + 5*b + 52. Determine r(-21).
-53
Let c(h) = -h**3 - h**2 - 13. What is c(0)?
-13
Let j(b) = -b**2 + 17*b + 6. Calculate j(17).
6
Let y(x) = 5*x + 12. What is y(-4)?
-8
Let o(k) = k + 13. What is o(-19)?
-6
Let o(v) = -v**2 - 2*v + 15. Give o(-5).
0
Let n(g) = -2*g**3 - 9*g**2 + g + 4. Calculate n(-5).
24
Let f(b) = -b**2 + 27*b + 11. Calculate f(28).
-17
Let z(c) = -c**2 + 22*c + 2. Give z(23).
-21
Let n(m) = m**2 - 7*m - 21. Give n(13).
57
Let s(k) = -2*k**2 - 61*k + 33. Calculate s(-31).
2
Let b(c) = 22*c - 3. Give b(2).
41
Let k(y) = y**2 - 21*y + 49. What is k(17)?
-19
Let r(c) = c**3 + 2*c**2 - 3*c + 4. Calculate r(-5).
-56
Let j(c) = 6*c - 8. Give j(-2).
-20
Let h(l) = l. What is h(-6)?
-6
Let m(j) = j**2 - 37*j - 126. Give m(40).
-6
Let i(x) = 9*x - 3. What is i(5)?
42
Let p(d) = -d**3 + 13*d**2 - 12*d - 4. Calculate p(12).
-4
Let b(q) = q - 16. Determine b(0).
-16
Let l(z) = -z**3 + 4*z**2 + 6*z + 1. Calculate l(5).
6
Let v(y) = y**3 - 3*y**2 - y - 8. Calculate v(4).
4
Let a(k) = k**3 - 8*k**2 - 6*k - 20. Calculate a(9).
7
Let m(v) = v**3 + 9*v**2 + 7*v - 13. What is m(-6)?
53
Let i(r) = 6*r + 1. What is i(1)?
7
Let p(o) = -o - 29. Calculate p(0).
-29
Let b(h) = h**3 + 16*h**2 - h - 8. What is b(-16)?
8
Let i(l) = l**3 - 6*l**2 + 7*l - 4. Determine i(4).
-8
Let t(x) = x**3 + 16*x**2 - 31*x + 53. Calculate t(-18).
-37
Let q(u) = -u**3 - 56*u**2 - 58*u - 174. Give q(-55).
-9
Let q(x) = 9*x - 16. What is q(5)?
29
Let d(y) = 10*y**2 + y - 2. Calculate d(-2).
36
Let n(x) = -7*x + 236. Calculate n(36).
-16
Let j(z) = -z**3 + 34*z**2 + 65*z + 258. What is j(36)?
6
Let m(l) = -l**3 + 2*l**2 + 4*l + 1. Give m(4).
-15
Let b(r) = 3*r - 59. Give b(15).
-14
Let l(n) = -n**3 - 6*n**2 - 5*n - 3. Give l(-5).
-3
Let z(y) = -2*y**2 + 3*y + 17. Determine z(4).
-3
Let k(i) = -i**2 + 2. What is k(-5)?
-23
Let u(r) = -46*r**2. Determine u(1).
-46
Let h(b) = 24*b**3 + 2*b**2 - 3*b + 2. Determine h(1).
25
Let s(x) = -x**2 - 10*x - 2. Determine s(-9).
7
Let z(b) = -b**2 - 4*b + 8. What is z(-6)?
-4
Let f(h) = -21*h - 24. What is f(5)?
-129
Let o(p) = p**2 + 25*p + 67. Calculate o(-3).
1
Let x(d) = d**2 + 6*d - 1. Give x(-6).
-1
Let f(r) = -4*r - 29. Calculate f(-26).
75
Let v(r) = -r**3 + 8*r**2 - 3*r + 6. Determine v(6).
60
Let f(v) = -30*v**2 + 3*v - 2. Determine f(1).
-29
Let n(d) = 42*d - 1. What is n(1)?
41
Let f(p) = 9*p - 27. Give f(4).
9
Let t(x) = -2*x**3 - 24*x**2 - 3*x - 7. What is t(-12)?
29
Let i(g) = g**3 - 6*g**2 + 2*g + 20. Give i(5).
5
Let b(s) = -5*s - 109. Give b(-22).
1
Let a(m) = -5*m - 15. Give a(-4).
5
Let f(i) = -2*i**2 + 15*i - 11. Calculate f(7).
-4
Let b(t) = -2*t**2 - t - 4. Determine b(-2).
-10
Let n(m) = -8*m + 340. Give n(46).
-28
Let z(b) = -b**2 + 16*b - 28. What is z(13)?
11
Let a(h) = -44*h - 130. Calculate a(-3).
2
Let a(g) = -5*g + 178. Calculate a(36).
-2
Let d(z) = z**2 + 13*z - 72. Determine d(-17).
-4
Let o(w) = -w - 3. Calculate o(1).
-4
Let r(v) = -v**3 - v**2 + 2*v. Give r(0).
0
Let h(s) = 10*s - 117. Calculate h(9).
-27
Let l(q) = 4*q + 62. Calculate l(-14).
6
Let r(s) = -s**3 - s**2 - 79. What is r(0)?
-79
Let g(n) = -n**3 - 8*n**2 - 4*n + 9. Determine g(-7).
-12
Let p(v) = -v**3 - 18*v**2 - v - 20. Give p(-18).
-2
Let b(y) = 3*y - 10. What is b(5)?
5
Let f(k) = k**3 + 19*k**2 + k + 10. Calculate f(-19).
-9
Let j(o) = -2*o**2 + 3*o + 6. Calculate j(-2).
-8
Let c(o) = 11*o + 22. Calculate c(-7).
-55
Let g(a) = -4*a + 1. Give g(-3).
13
Let b(d) = d**3 + 12*d**2 + 31*d - 13. What is b(-8)?
-5
Let d(r) = -r**2 + r + 11. What is d(4)?
-1
Let g(s) = 2*s - 21. Calculate g(-6).
-33
Let s(f) = -7*f**3 + 3*f**2 + 4*f + 2. What is s(-1)?
8
Let c(s) = s**2 + 7*s + 1. Give c(-6).
-5
Let t(l) = 6*l + 2. Determine t(3).
20
Let l(n) = -7*n**2 - 42*n - 5. Determine l(-6).
-5
Let g(r) = r**2 + 5*r + 7. Calculate g(-5).
7
Let q(t) = -t - 8. What is q(2)?
-10
Let y(h) = 7*h - 137. Give y(19).
-4
Let g(c) = -c**2 - 17*c + 28. Give g(-19).
-10
Let d(l) = -l + 1. Determine d(-6).
7
Let h(i) = -i**3 + 2*i**2 + 6*i - 1. What is h(4)?
-9
Let t(p) = 49*p + 55. Determine t(-1).
6
Let m(p) = p**3 - 8*p**2 + 5*p - 4. Calculate m(8).
36
Let l(d) = -2*d**2 + 66*d + 478. Determine l(39).
10
Let w(i) = -i**3 + 15*i**2 - 35*i - 9. What is w(12)?
3
Let b(c) = -2*c**3 - 28*c**2 - 27*c - 21. What is b(-13)?
-8
Let x(g) = -5*g + 1. What is x(-3)?
16
Let y(j) = j**2 - 20*j + 17. Calculate y(19).
-2
Let d(p) = p**3 - 3*p**2 - 4*p + 4. Determine d(2).
-8
Let t(k) = -10*k - 251. Give t(-25).
-1
Let h(j) = -11*j**2 + 2*j - 3. Determine h(1).
-12
Let q(x) = x**3 - 13*x**2 - 30*x - 10. Calculate q(15).
-10
Let u(b) = -2*b + 19. Determine u(9).
1
Let k(s) = 2*s - 8. Calculate k(0).
-8
Let c(v) = -v**3 + 32*v**2 + 32*v + 28. Calculate c(33).
-5
Let x(l) = 3*l**3 - l**2 + l - 1. Determine x(2).
21
Let j(r) = -4*r - 4. Calculate j(0).
-4
Let s(h) = -5*h - 14. Determine s(10).
-64
Let r(x) = 57*x + 33. Determine r(-4).
-195
Let z(u) = 51*u**2 - 4*u - 2. Calculate z(-1).
53
Let s(l) = l**2 - 13*l + 20. What is s(3)?
-10
Let o(h) = -28*h - 265. Calculate o(-10).
15
Let p(m) = 36*m + 78. Give p(-2).
6
Let x(u) = u + 53. What is x(0)?
53
Let w(l) = 13*l - 2. What is w(2)?
24
Let x(q) = -4*q - 142. What is x(-36)?
2
Let t(v) = 5*v + 14. Give t(-4).
-6
Let j(n) = -15*n**2 + n + 1. What is j(-1)?
-15
Let n(s) = s**3 - 11*s**2 + 10*s + 2. Determine n(10).
2
Let j(v) = v**3 - 23*v**2 + 61*v - 17. Calculate j(20).
3
Let u(t) = -3*t - 7. What is u(-9)?
20
Let f(j) = 14*j**2 - 7*j + 6. What is f(2)?
48
Let q(s) = -s**2 + 3*s + 4. Determine q(2).
6
Let y(w) = w**2 + w - 6. What is y(-6)?
24
Let b(s) = -s**2 + 13*s + 34. Give b(16).
-14
Let m(b) = -b**3 - 5*b**2 + b. What is m(-6)?
30
Let r(h) = -27*h + 6. What is r(2)?
-48
Let v(s) = s**3 + 2*s**2 + 4*s + 2. Give v(-3).
-19
Let u(r) = -2*r**2 + 3. Calculate u(3).
-15
Let o(h) = -h**2 - 6*h + 3. Calculate o(-6).
3
Let w(i) = i + 1. What is w(-1)?
0
Let t(v) = 32*v - 15. Give t(1).
17
Let c(n) = 7*n + 12. Give c(-7).
-37
Let q(v) = v**2 - 2*v - 41. Calculate q(0).
-41
Let w(n) = -19*n**2 - n + 1. What is w(1)?
-19
Let u(d) = -d**3 + 8*d**2 - 2*d + 7. Calculate u(8).
-9
Let p(i) = -i**3 + 4*i + 1. What is p(2)?
1
Let j(b) = -19*b - 557. Give j(-29).
-6
Let p(o) = -5*o**2 + 4*o + 2. Calculate p(-2).
-26
Let m(a) = a**2 - 3*a + 3. Determine m(4).
7
Let j(r) = 3*r**3 + 12*r**2 + r + 1. Give j(-4).
-3
Let g(x) = -2*x**2 + 5*x - 4. Calculate g(3).
-7
Let 